2*-1)/(-2) + 19.
8
Suppose -29*p = -34*p. Let b(u) = -u**2 + 2*u + 58. What is the remainder when b(p) is divided by (3 - (3 + -25)) + -4?
16
Suppose 0 = -5*h - 5, 0*t + 145 = t + h. Calculate the remainder when 461 is divided by t.
23
Let v(l) = l**2 + 7*l - 51. Let t be v(7). Suppose -5*c = -5*a + 45, -c = 5*a - 2*a - t. Let m(k) = k + 2. Calculate the remainder when a is divided by m(6).
6
Suppose -30*a - 21*a + 379248 = -3*a. What is the remainder when a is divided by 247?
244
Let m(p) = -p**2 + 14*p + 6*p + 3*p - p**2 - 5 - 2. Let r(d) = -2*d - 4. Let k be r(-7). What is the remainder when m(k) is divided by 12?
11
Let a(k) = -3*k**3 - 10*k**2 + 2*k + 59. Suppose 80*s - 24 = 84*s. Calculate the remainder when a(s) is divided by 25.
10
Let v = 7960 - 7641. What is the remainder when v is divided by 110?
99
Let m(h) be the third derivative of -h**6/120 - 2*h**5/15 - 13*h**4/24 - 9*h**3/2 + 36*h**2. What is the remainder when m(-8) is divided by 20?
17
Suppose -b + 3*x = -4433, 4*x + 18 = 2. Calculate the remainder when b is divided by 28.
25
Suppose r = 4*d + 38, -5*r - d + 50 = -224. Calculate the remainder when 964 is divided by r.
46
Let o(n) = -88*n - 2823. What is the remainder when o(-33) is divided by 17?
13
What is the remainder when (-38)/(-2)*1404/26 is divided by 20?
6
Let h(n) = 18*n. Let k be h(0). Suppose k = -20*t + 9703 - 2403. Calculate the remainder when t is divided by 61.
60
Suppose -1 - 9 = -n. Let w be (n/8)/((-6)/(-48)). Suppose -5*v - 15 = -w*v. Calculate the remainder when 10 is divided by v.
1
What is the remainder when 207 is divided by 262/5 - 7464/3110?
7
Let q(o) = 33*o + 5*o + 238 + 4*o - 21*o. Calculate the remainder when 77 is divided by q(-10).
21
Let a(o) = 5*o**3 - o**2 + 3*o - 6. Let s(f) = f**2 + 3*f - 38. Let z be s(-8). Calculate the remainder when 215 is divided by a(z).
35
Let l be 0 - -858 - ((-1 - -2) + -3). Suppose 21*i + l = 17*i. Let b = i + 532. Calculate the remainder when b is divided by 40.
37
Let o be 6*(-9 - 0)*80/(-96). What is the remainder when 35 is divided by 4/(-18) + 640/o + 4?
17
Suppose -72299 = -75*j - 122*j. What is the remainder when 1470 is divided by j?
2
Let q = -251 + 412. Suppose -2*a + 10 = 5*s - 86, -s + 15 = -a. Calculate the remainder when q is divided by s.
17
Let w = -169 - -342. Let a = w - -2. Calculate the remainder when a is divided by 44.
43
Let d be (-4)/(-14) + 1647*(-4)/28. Let p = d + 240. What is the remainder when 62 is divided by p?
2
Let v = -9 - -10. Let p = v + 4. Suppose -p*z + w + 75 = 0, 0 = 5*z - 2*w - 0*w - 80. What is the remainder when 41 is divided by z?
13
Let u(t) be the second derivative of 2*t**3/3 - 3*t**2/2 + 47*t. Let q be u(2). Suppose 309 = q*k - 106. What is the remainder when k is divided by 18?
11
Let f be 190/(-45)*-1 + 4/(-18). Calculate the remainder when -2*f + 20935/79 is divided by 52.
49
Calculate the remainder when 2719 is divided by ((-495)/(-18))/(-11)*(-68)/(-3 + 5).
84
Suppose 2*f - 547 = y, 2*f + 261 = -5*y + 838. What is the remainder when 849 is divided by f?
21
Let j = -1257 - -1479. What is the remainder when 1014 is divided by j?
126
Calculate the remainder when 3810 is divided by 27 - (-2 + 9 + -17).
36
Suppose -153*x = -80*x - 76*x + 2433. Calculate the remainder when x is divided by 117.
109
What is the remainder when 8720 is divided by (10 - 4) + ((-720)/(-35) - (-3)/7)?
26
Let n(a) = a + 37. Suppose 5*x - 3*g = -114, 2*x = -2*g - g - 54. Calculate the remainder when 206 is divided by n(x).
11
Suppose -2727*j - 2156 = -2734*j. What is the remainder when 3066 is divided by j?
294
Let i(f) = -f**2 - 40*f - 165. What is the remainder when 1186 is divided by i(-32)?
3
Let f(w) = 2*w**2 - 1. Calculate the remainder when (-11 + -3 + 1)*-1 is divided by f(2).
6
Suppose -5*n = -94 + 59. Let z(b) = -3*b**3 + b + 4. Calculate the remainder when z(-2) is divided by n.
5
Suppose 0 = 4*m + 15667 - 15695. What is the remainder when 7173 is divided by m?
5
Let s = 27402 - 27313. Calculate the remainder when 2836 is divided by s.
77
Suppose -10*a - 5*y + 10 = -13*a, 4*a + 10 = 5*y. Suppose -11*o + 242 = -a*o. What is the remainder when 75 is divided by o?
9
Suppose 0 = h + 2*g - 382, 3*h - 726 = -g + 410. What is the remainder when h is divided by 2?
0
Let w = 4878 - 4847. Calculate the remainder when 2230 is divided by w.
29
Suppose 12*f = 6*f - 66. Let o(r) = -2*r + 27. Let t be o(f). Suppose -p + 3*a = -t - 85, -4*p + 2*a + 496 = 0. Calculate the remainder when p is divided by 31.
29
Suppose 0*h - 56 = -4*r + 5*h, -h = 3*r - 23. Let l(p) = p**2 - 6*p - 2. Let b be l(r). Let u = 26 - b. Calculate the remainder when 3 is divided by u.
0
Let x = 232 + -98. Suppose 6*t + 2*z - x = 3*t, -5*t - z + 221 = 0. Let v(w) = -4*w**2 + 17*w + 8. What is the remainder when t is divided by v(4)?
8
Suppose -16 = 3*l - 2*s, s = -4*l + 1 - 15. Let x = 13 + l. Suppose 120*f + 1 = 121*f, 0 = 2*m + 3*f - 53. What is the remainder when m is divided by x?
7
Let b(w) = 17*w + 20*w + 1 + 153*w**2 - 56*w + 20*w. Let h be b(-1). Suppose -2*g + 177 + h = 0. Calculate the remainder when g is divided by 24.
21
Suppose -2*x = 4*x + 48. Let k = x + 80. Suppose 4*i - k = -8. Calculate the remainder when i is divided by 9.
7
Suppose r + 4 = 5*l, 2*l + 59 = -2*r + 123. Let h = 5 - 5. Calculate the remainder when r is divided by (3 - h) + (-3 - -2).
0
Let v = 8586 - 8585. What is the remainder when 250 is divided by v?
0
Let a be (50 + -1 - -1)*(-34)/85. Let b = -7 - a. What is the remainder when 12 is divided by ((-24)/(-10))/(b/10 - 1)?
4
Suppose 9306 = 499*z - 452*z. What is the remainder when z is divided by 169?
29
Let i be (-4)/8*(-1 - -1). Suppose x - 5 + i = 0. Suppose -h = -4*d + 62, -109 = 12*d - 17*d - 4*h. Calculate the remainder when d is divided by x.
2
Calculate the remainder when (-102)/(-2754) + 184758/81 is divided by 58.
19
Suppose -292*j = -128521 - 216915. Suppose 3*m - 77 = 145. Calculate the remainder when j is divided by m.
73
Suppose 33228*a = 33208*a + 326680. Calculate the remainder when a is divided by 11.
10
Let j be -58*4/(-8) + 4. Suppose 0 = 2*i + j - 17. Let w(c) = c**3 + 8*c**2 - 4*c - 25. What is the remainder when 11 is divided by w(i)?
4
Let f = 16207 - 16173. Calculate the remainder when f is divided by 32.
2
Let v(x) = -2*x**3 + 5*x**2 + 12*x + 26. What is the remainder when v(-7) is divided by 19?
18
Suppose i - 4*y - 14 = y, 0 = -3*i + 5*y + 22. Let l = i + -139. Let o = 136 + l. Calculate the remainder when o is divided by 1.
0
Let f = -969 - -1158. Suppose 0 = 5*z - 331 + 1. Let t = z - 28. Calculate the remainder when f is divided by t.
37
What is the remainder when 5034 is divided by (-16)/7*30152/(-96) + 2/21?
8
Let w = -35 + 50. Calculate the remainder when ((-1632)/56)/(2/(-28)) - (6 + 0) is divided by w.
12
Suppose -7*f + 3*f + 637 = t, 5*t = -4*f + 625. What is the remainder when f is divided by 55?
50
Suppose -3*k = 7*y - 208, -2*k = 21*y - 17*y - 120. Let n be 6 + (0 - -2)/(-2). Suppose 0*a + n*a - 50 = 0. What is the remainder when y is divided by a?
8
Suppose 21 = -3*s + 5*a + 642, -5*s + 1072 = 4*a. Suppose 0 = 10*q + 218 + s. Let v = -20 - q. Calculate the remainder when v is divided by 13.
10
Let r be 6/9*(-12 + 24). Suppose -407 = -19*t + r*t. What is the remainder when t is divided by 10?
7
Suppose 0 = q + s + 8, 3*s + 0 = 5*q + 8. Let k be 10/15*(-54)/q. Suppose 8*c - 5*c - k = 0. What is the remainder when 6 is divided by c?
0
Let x(k) = k**2 + 19*k + 79. Suppose 0 = 2*l - 2 - 4. Suppose 0 = -2*w - 2, 0*h - h + l*w + 134 = 0. Calculate the remainder when h is divided by x(-15).
17
Let w(b) = -b**3 - 4*b**2 - 5*b + 4. Let m be 5 - (2 - 3)*-1. Suppose -5*l + m + 41 = 0. What is the remainder when w(-4) is divided by l?
6
What is the remainder when 477 is divided by (-374)/(-14) - 8/(-28)?
18
Let f(p) = p**2 + 5*p + 17. Let o be f(5). Let x = o + -23. What is the remainder when x is divided by 15?
14
Suppose 3*o = 5*h + 6*o - 1922, 3 = -3*o. What is the remainder when h is divided by (-6)/(-2) - (-62 + 22 + 15)?
21
Let i(b) = b**3 - 11*b**2 - 2*b + 17. Let l be i(11). Let j = 35 + -28. Calculate the remainder when (l/(-2) + -2)/((-1)/(-50)) is divided by j.
4
Let f be (3 - 34*-3)/1. Suppose 0 = -9